 the third derivative of 7*d**4/12 - d**3/6 - d**2. Let s(z) = -11*b(z) - 4*u(z). Give s(y).
-15
Let h = 22 + -26. Let y(m) = m**3 + 3*m**2 - m + 9. Let n be y(h). Let w(x) = 2*x**2 + 4*x. Determine w(n).
6
Let c(p) = -31*p - 44. Let d(y) = 62*y + 74. Let h(o) = 5*c(o) + 3*d(o). Calculate h(-1).
-29
Let j(y) = y - 2. Let v(p) be the third derivative of -p**4/24 + p**3/3 + p**2. Let i(t) = 3*j(t) + 4*v(t). Determine i(4).
-2
Let o(y) = 59*y + 127. Let x be o(-2). Let i(v) = -v + 13. Calculate i(x).
4
Let c(w) be the first derivative of -13*w**3/3 + 2*w**2 - 2*w - 611. Give c(2).
-46
Suppose 0 = 5*y - 2*y + 12. Let c(d) = -d**3 - 5*d**2 - 1. Determine c(y).
-17
Let m(y) be the third derivative of -y**5/60 + 19*y**4/24 + 16*y**3/3 + 2*y**2 - 290*y. What is m(21)?
-10
Let p(k) = -2*k**2 + 3*k - 11. Let h(n) = 6*n**2 - 9*n + 33. Let x(v) = 3*h(v) + 8*p(v). Let g(l) be the first derivative of x(l). Calculate g(-4).
-19
Let i(s) = 14 + s - 59 + 16 + 7 + 12. Let j(m) = m**2 - 7*m - 13. Let p be j(9). What is i(p)?
-5
Let n(h) = -h**3 + 4*h**2 - 2*h + 3. Let r be 11 + (8 - 7 - 8). Determine n(r).
-5
Let v(p) = -p**2 - 2*p + 3. Let o be v(2). Let k be (-5)/o + (-4)/(-2). Let r(m) = -4*m + 7 + 2*m + 19*m**3 + 6*m**2 - 8*m**k - 12*m**3. Calculate r(6).
-5
Let x(w) = 11 - 5*w**2 + 5 - 4*w**3 + 3*w**3 - 7 + 7*w. Calculate x(-6).
3
Let o(w) = 34*w**2 + 4 - 1 - 5*w**2 - 3*w - 27*w**2 - w. Let m be 6/(-2 + (-7)/(-2)). Suppose -i - m = -3*i. Give o(i).
3
Let q(m) = -3*m**2 + 23*m + 10. Let s(f) = f + 11. Let z be s(-7). Let j(o) = -o**2 + 8*o + 3. Let l(i) = z*q(i) - 11*j(i). What is l(6)?
-5
Let z(l) = -l**3 + 17*l**2 + 39*l - 18. Let f be z(19). Let r(y) = 5*y**3 + y**2 - y + 1. What is r(f)?
6
Let n(w) = -w**2 - 6*w + 5. Let x(f) = -3*f**2 + 17*f - 6. Let z be x(5). Suppose 8 = -2*i - z. Calculate n(i).
5
Let x(b) be the third derivative of b**6/120 - b**5/20 - 7*b**4/24 + b**3/6 - 17*b**2. Give x(5).
16
Let w(z) = -19 + 3 + 5 + 1 + 3*z + 9. Give w(-4).
-13
Let o(f) = -8 + 0 + 7*f + 0 - 7*f - 3*f. Determine o(-4).
4
Let g = -8 - -11. Suppose g*w - 10 = 3*b + 11, 0 = 2*w + b - 29. Let d(t) = -w + t - 3*t + 10. What is d(3)?
-8
Let h(s) = s**2 - 14*s + 33. Let b be h(10). Let p(a) = a**3 + 8*a**2 + 7*a - 12. What is p(b)?
-12
Let d(a) = a**3 + 4*a**2 - 7*a - 1. Let t be d(-4). Suppose 2*p + 22 - 8 = 2*j, j - 5*p = t. Let b(y) = -3 - 10*y + 7 + 4*y + j*y**2. Determine b(4).
12
Let c be 6*40/48 + (2 - 5). Let h(q) be the second derivative of 1/6*q**3 - c*q + 0 + 1/12*q**4 - 5/2*q**2. Calculate h(0).
-5
Let y(a) = a**2 + 2*a + 1. Suppose 0 = 56*k - 20*k + 108. Determine y(k).
4
Let v = -80 + 44. Let l be (2 - v/(-14)) + 46/7. Let t(b) = b**2 - 7*b + 2. Give t(l).
-4
Let n(o) = -9*o + 3*o + 787 - 784. Let k be 1/(2 - (-14)/(-8)). Calculate n(k).
-21
Let i = -17 - -3. Let t = i + 16. Let g(h) = 0 - t*h - 2 - 2 + h. Give g(0).
-4
Let i be (-42)/8 - 1/(-4). Let x(h) = -6*h + 0*h**2 - h**2 - h + 2 + 3. Give x(i).
15
Let o(c) be the third derivative of c**5/12 + c**4/6 - c**3/2 + 208*c**2. Give o(2).
25
Let w(m) = m - 1. Let n(k) = 5*k - 6. Let g(c) = -2*n(c) + 11*w(c). Let p(x) = 9*x. Let z(d) = 2*g(d) - p(d). Calculate z(2).
-12
Let c = -1 + 5. Let a(w) = 35 + w + 5*w - 5*w - 31. Calculate a(c).
8
Let o(u) = 2*u + 4. Let a = 17 - 25. Let p = -5 + a. Let y = 10 + p. Calculate o(y).
-2
Let r(d) = 2*d**2 + 3*d**2 + 6*d - 4*d**2. Let g(o) = o**3 - 5*o**2 + 6*o - 2. Let n be g(4). Suppose 9 + n = -3*l. What is r(l)?
-5
Let z(o) = o**3 - o**2 + 2*o - 3. Let v(y) = -9*y + 97. Let i be v(13). Let b be (-1 + 4)*(-2)/(-3). Let s be (3/b)/((-15)/i). Determine z(s).
5
Let q(h) = h - 1. Let y = 32 - 34. Let g(z) = z - 9. Let r(j) = y*q(j) + g(j). Determine r(-5).
-2
Let w(c) = c**3 - 4*c**2 - 2*c - 2. Let o = -24 + 29. What is w(o)?
13
Suppose -3 - 11 = -i - u, 48 = 3*i + u. Let x(o) = 6*o**2 + 18*o + 8*o**2 - 17 + 2*o**2 - o**3. Let k be x(i). Let a(s) = -s**3 + s**2 - 14. Calculate a(k).
-14
Let p(t) = 7*t - t**2 + 3 + 2*t**2 + 3. Let w = 25 + 41. Let q be 1/(-3)*17 - 22/w. What is p(q)?
0
Let j = -53 - -56. Let d be -2 + (2/j)/(10/(-45)). Let c(u) = u + 8. Determine c(d).
3
Suppose -10*i - 66 = -21*i. Let t(s) = -5*s + 2. Determine t(i).
-28
Let a(g) = -17*g**3 - 2*g + 5. Let x(r) = 18*r**3 + 3*r - 6. Let p(t) = -5*a(t) - 4*x(t). Let q be p(-1). Let v = q - -12. Let s(i) = -i + 2. Give s(v).
2
Let f(l) be the third derivative of 0*l - 1/24*l**4 + 7/6*l**3 + 0 + 7*l**2. Calculate f(5).
2
Let t(r) = r**3 - 8*r**2 + 5*r + 10. Suppose 5*f - 17 = 5*s + 8, f = 3*s + 1. Give t(f).
-4
Let h(b) be the second derivative of 3*b**3 - b**2/2 + b. Let w be 2 + (-6)/4 + 10/180*9. Calculate h(w).
17
Let u(l) = 6*l**2 + 14*l + 11. Let f(c) = c**2 + 2. Let z(p) = -5*f(p) + u(p). Calculate z(-14).
1
Suppose -4*b + 18 = 2*k - 0*k, -4*b - k + 13 = 0. Let x(g) = 6 + 3*g - 4*g + b*g. Let y(n) = -n**3 - 6*n**2 + 10*n + 16. Let c be y(-7). Determine x(c).
1
Let o(i) = -4*i - 15. Let b = -133 + 127. Calculate o(b).
9
Let g(q) = 7*q + 1. Suppose -5*x = 4*m + 19, -m + 22 - 8 = -5*x. What is g(m)?
-6
Let x = 6 - 12. Suppose -4*m = -4*i - 28, i - 48 = -4*m - 15. Let k(u) = 12*u + 1 - 6*u - m + u**2. Calculate k(x).
-7
Let r(d) = -5*d**3 - 5*d**2 + 12*d - 2. Let a(y) = 11*y**3 + 10*y**2 - 25*y + 5. Let j(s) = -4*a(s) - 9*r(s). Give j(-6).
10
Let f be 1 + (-12)/(-7 + 3). Let x(n) = -3*n + 11 - f*n + 3*n + 3*n. What is x(5)?
6
Suppose -5*r - m = -30, 3*m + 25 = -2*m. Let a(s) be the first derivative of -s**2 + 9*s - 112. What is a(r)?
-5
Let h(a) = a**3 + 9. Let r(k) = 2*k + 41. Let t be r(-19). Suppose -3*d - 12 = 4*p, -t = -2*p - 9. Calculate h(d).
9
Let z(w) = 46*w + 61*w - 171*w + 9 + 59*w. Give z(-6).
39
Let j(w) = -w - 4. Let t(f) = -6*f - 11. Let c(m) = 2*j(m) - t(m). Calculate c(1).
7
Suppose 0*v = 5*i - 2*v - 19, -4*i + 2*v = -16. Let n(h) = 2*h**3 - 6*h**2 - 3*h + 4. What is n(i)?
-5
Let o(f) = f + 1. Suppose 0 = 9*p - 0. Let s be 1 + p/(2 - -3). What is o(s)?
2
Let w(t) = 1. Let v(m) = -2*m - 7. Let a(g) = -v(g) - 4*w(g). Suppose -7*p = 17 + 18. Let i(b) = 3*b + 7. Let k(o) = p*a(o) + 2*i(o). Give k(-1).
3
Let l(y) = -10*y + 4. Let t = -411 + 415. Calculate l(t).
-36
Let w(y) = -4*y - 17. Suppose -25 = -3*b - 43. What is w(b)?
7
Let z(t) = -2*t - 29. Let d be z(-17). Let w(s) = s**2 + 6*s + 6. Let m be w(-6). Let g be (m/9)/(d/(-45)). Let k(b) = -2*b - 4. What is k(g)?
8
Suppose 0 = 4*c - 1 + 25. Let f(k) = k**2 + 6*k - 1. What is f(c)?
-1
Let z(u) = 3*u**2 - 3*u. Let y(w) = 3*w**2 - 4*w. Let i(t) = -6*y(t) + 7*z(t). Let s(p) = p**2 - 3*p + 2. Let a be s(3). Suppose -3*m = a*m + 10. Give i(m).
6
Let n(k) = -2*k - 11. Let o = -1948 - -1951. Calculate n(o).
-17
Suppose 0 = 4*z + 3*k - 61, 77 = 3*z - 3*k + 26. Let x(i) = i**3 - 17*i**2 + 18*i - 10. Calculate x(z).
22
Let k(n) = 5*n**3 - 6*n**2 + 3*n - 9. Let t(c) = -4*c**3 + 4*c**2 - 4*c + 9. Let l(j) = -5*k(j) - 6*t(j). Give l(7).
5
Let f(z) = 67*z**2 - 7 + 2*z**3 - z - 3*z**3 + z - 4*z - 61*z**2. What is f(5)?
-2
Let b(x) = 4*x + 1. Let d(w) = -10*w - 30. Let f be d(-7). Suppose -3 = f*t - 43*t. Calculate b(t).
5
Let z be ((10/(-15))/(-2))/((-1)/(-12)). Suppose -3*j - 6 = 2*j + z*h, -4*h - 12 = 2*j. Let l(s) = s**3 - 3*s**2 + 4*s - 2. What is l(j)?
2
Let k(z) be the second derivative of -z**5/120 + z**4/24 - 5*z**3/6 + 19*z. Let r(v) be the second derivative of k(v). Determine r(7).
-6
Let k = -22 + 22. Suppose 5*c - 2*f - 13 + 1 = k, -4*f = -5*c + 14. Let a(n) = -4*n - 4*n**2 - 2*n**3 + c*n - 5 - n + n**3. Determine a(-4).
7
Let y(z) be the third derivative of -7*z**4/24 - 5*z**3/3 + 7*z**2 + 11. What is y(-5)?
25
Suppose -5 = -11*k + 17. Let t(g) be the first derivative of -6 - 1/2*g**k - 11*g. What is t(-5)?
-6
Let d(l) = -2*l**2 + 2*l. Suppose -3*k - 42 = -3*j - 0*j, -4*j + 51 = k. Let g = -18 + j. Let w(o) = o**3 + 6*o**2 + 4*o - 3. Let t be w(g). Determine d(t).
-4
Let i be ((-6)/(-9))/((6/(-2))/9). Let d(a) = 11*a - 5. Let b(j) = 22*j - 9. Let y(s) = -4*b(s) + 7*d(s). What is y(i)?
23
Let q(j) = -j**2 - 11*j - 4. Suppose 7*m = 6*m + 2*v - 10, m = 3*v - 12. Give q(m).
26
Let l(g) = -g - 3. Let z = 18 - 20. Let c = z - 24. Let s = -26 - c. Determine l(s).
-3
Let r(m) = 2*m**2 - 5*m + 1. Let q be r(3). Let d(a) = q*a - 5*a - 29 + 28 + 0*a. 